e the highest common divisor of 9 and 672.
3
What is the highest common factor of 252 and 672?
84
What is the greatest common factor of 685 and 411?
137
What is the highest common factor of 1632 and 24?
24
What is the highest common factor of 136 and 8?
8
What is the highest common factor of 8196 and 12?
12
What is the greatest common divisor of 132 and 26004?
132
Calculate the greatest common factor of 16354 and 68.
34
Calculate the greatest common factor of 32 and 48.
16
What is the greatest common factor of 662 and 9599?
331
Calculate the highest common factor of 455 and 65.
65
What is the highest common divisor of 284 and 2982?
142
What is the greatest common factor of 5 and 135?
5
What is the greatest common factor of 2 and 25?
1
Calculate the greatest common divisor of 190 and 19.
19
What is the greatest common factor of 950 and 304?
38
What is the highest common divisor of 20 and 40?
20
What is the greatest common divisor of 54 and 558?
18
What is the greatest common divisor of 144 and 45?
9
What is the highest common factor of 10863 and 852?
213
Calculate the greatest common factor of 91 and 7.
7
Calculate the greatest common divisor of 30 and 105.
15
Calculate the highest common factor of 221 and 51.
17
What is the highest common divisor of 7424 and 29?
29
Calculate the greatest common divisor of 10 and 295.
5
Calculate the highest common divisor of 156 and 1508.
52
What is the greatest common divisor of 1434 and 264?
6
What is the highest common divisor of 391 and 68?
17
What is the highest common divisor of 4053 and 7?
7
Calculate the highest common divisor of 177 and 5310.
177
Calculate the highest common divisor of 164 and 82.
82
Calculate the greatest common factor of 2790 and 2610.
90
What is the greatest common divisor of 22 and 374?
22
Calculate the highest common divisor of 6 and 18.
6
What is the highest common factor of 103 and 618?
103
Calculate the highest common factor of 603 and 737.
67
Calculate the greatest common factor of 4410 and 1530.
90
Calculate the greatest common factor of 95170 and 620.
310
Calculate the highest common factor of 6 and 80.
2
Calculate the highest common factor of 42 and 15372.
42
Calculate the greatest common divisor of 64 and 5472.
32
What is the greatest common factor of 3007 and 31?
31
What is the highest common factor of 247 and 13?
13
Calculate the highest common factor of 42 and 798.
42
Calculate the greatest common divisor of 72 and 99.
9
Calculate the greatest common factor of 26 and 78.
26
Calculate the highest common divisor of 836 and 484.
44
What is the highest common factor of 18 and 10?
2
Calculate the greatest common divisor of 13644 and 108.
36
Calculate the highest common factor of 25 and 1075.
25
What is the greatest common divisor of 44 and 286?
22
What is the highest common factor of 805 and 35?
35
What is the greatest common factor of 456 and 2584?
152
What is the greatest common factor of 4355 and 65?
65
What is the highest common divisor of 1813 and 98?
49
What is the highest common divisor of 455 and 105?
35
Calculate the greatest common divisor of 780 and 1620.
60
Calculate the highest common factor of 21 and 1029.
21
Calculate the greatest common divisor of 1309 and 539.
77
What is the highest common divisor of 540 and 444?
12
What is the highest common factor of 1048 and 88?
8
What is the highest common divisor of 112 and 168?
56
Calculate the highest common factor of 208 and 100.
4
What is the greatest common factor of 134794 and 242?
242
Calculate the greatest common divisor of 135 and 1235.
5
What is the greatest common divisor of 26958 and 6?
6
What is the greatest common divisor of 304 and 16?
16
What is the highest common factor of 17765 and 969?
323
What is the highest common divisor of 61 and 2684?
61
What is the highest common divisor of 253 and 26059?
253
Calculate the greatest common divisor of 560 and 256.
16
What is the highest common divisor of 26 and 50?
2
What is the greatest common factor of 833 and 714?
119
What is the highest common factor of 605 and 1760?
55
What is the greatest common factor of 255 and 195?
15
What is the greatest common factor of 70 and 20?
10
What is the greatest common divisor of 3864 and 280?
56
Calculate the greatest common factor of 200 and 4050.
50
Calculate the greatest common factor of 4730 and 110.
110
Calculate the highest common factor of 3 and 411.
3
What is the highest common factor of 1920 and 510?
30
Calculate the highest common divisor of 111 and 28416.
111
What is the greatest common divisor of 768 and 120?
24
What is the greatest common factor of 1131 and 261?
87
What is the greatest common divisor of 33 and 99?
33
Calculate the greatest common divisor of 161 and 483.
161
Calculate the highest common divisor of 196 and 441.
49
What is the greatest common divisor of 102 and 186?
6
Calculate the greatest common divisor of 1085 and 2590.
35
Calculate the highest common factor of 260 and 1940.
20
Calculate the highest common divisor of 366 and 5368.
122
Calculate the greatest common factor of 846 and 3.
3
Calculate the greatest common divisor of 84 and 2.
2
What is the highest common divisor of 2156 and 259?
7
What is the highest common divisor of 65 and 14560?
65
Calculate the greatest common divisor of 212 and 1378.
106
What is the greatest common factor of 2584 and 272?
136
What is the highest common factor of 5 and 5765?
5
What is the highest common factor of 4 and 110?
2
Calculate the greatest common divisor of 32 and 176.
16
What is the greatest common divisor of 196 and 539?
49
Calculate the highest common divisor of 290 and 8.
2
What is the greatest common factor of 141 and 4841?
47
Calculate the highest common factor of 69 and 2001.
69
What is the highest common divisor of 1551 and 987?
141
What is the highest common factor of 11 and 12903?
11
What is the greatest common factor of 12 and 1884?
12
Calculate the greatest common factor of 378 and 5859.
189
What is the greatest common factor of 4 and 5?
1
Calculate the greatest common divisor of 171 and 63.
9
What is the greatest common factor of 104 and 4628?
52
What is the highest common factor of 3 and 13?
1
What is the greatest common factor of 1232 and 1463?
77
Calculate the greatest common factor of 380 and 665.
95
Calculate the greatest common divisor of 92 and 4.
4
What is the greatest common divisor of 72 and 1992?
24
Calculate the highest common divisor of 648 and 24.
24
Calculate the highest common divisor of 4 and 10.
2
What is the greatest common factor of 27 and 11799?
27
What is the highest common divisor of 51 and 2?
1
Calculate the highest common divisor of 176 and 64.
16
What is the greatest common divisor of 48 and 348?
12
Calculate the greatest common factor of 24 and 408.
24
Calculate the highest common factor of 1411 and 17.
17
What is the greatest common factor of 603 and 6767?
67
What is the greatest common factor of 6768 and 1152?
144
What is the highest common factor of 23 and 1?
1
What is the highest common factor of 75 and 15?
15
What is the highest common divisor of 1209 and 117?
39
Calculate the highest common divisor of 75 and 6.
3
What is the greatest common divisor of 41580 and 15?
15
What is the highest common factor of 15 and 13?
1
Calculate the greatest common factor of 954 and 1134.
18
What is the greatest common factor of 9645 and 45?
15
Calculate the greatest common divisor of 8295 and 105.
105
Calculate the highest common factor of 2255 and 55.
55
Calculate the highest common divisor of 2783 and 4048.
253
What is the greatest common factor of 22 and 88?
22
Calculate the highest common divisor of 1413 and 9.
9
Calculate the greatest common factor of 156 and 195.
39
Calculate the highest common divisor of 7065 and 45.
45
What is the highest common factor of 90 and 35?
5
What is the greatest common factor of 195 and 78?
39
What is the highest common divisor of 2176 and 136?
136
Calculate the greatest common divisor of 1692 and 36.
36
What is the highest common divisor of 32033 and 103?
103
What is the greatest common factor of 1219 and 897?
23
Calculate the highest common divisor of 23 and 1.
1
Calculate the greatest common divisor of 336 and 5488.
112
What is the greatest common divisor of 38 and 3781?
19
Calculate th